on divisor of 847 and 1416184.
847
What is the greatest common factor of 104 and 1944?
8
Calculate the highest common divisor of 3328 and 184.
8
What is the highest common factor of 22 and 20438?
22
Calculate the greatest common factor of 1458608 and 16.
16
Calculate the highest common factor of 26136 and 41745.
363
Calculate the greatest common factor of 50001 and 420.
21
What is the highest common factor of 8786 and 189281?
191
What is the highest common divisor of 4641802 and 242?
242
Calculate the highest common divisor of 2520 and 66402.
126
What is the greatest common divisor of 25925 and 5950?
425
Calculate the highest common divisor of 166 and 3651004.
166
What is the greatest common factor of 67 and 135139?
67
Calculate the greatest common factor of 70 and 233510.
10
Calculate the highest common divisor of 8 and 262648.
8
Calculate the highest common divisor of 57344 and 4032.
448
What is the greatest common factor of 3132 and 17168?
116
What is the highest common divisor of 1280 and 768?
256
What is the highest common divisor of 1329 and 183845?
443
Calculate the highest common factor of 1328 and 12736.
16
What is the greatest common factor of 13988 and 15964?
52
What is the greatest common factor of 9747 and 36423?
513
What is the greatest common divisor of 35316 and 135?
27
What is the greatest common factor of 418001 and 2839?
167
Calculate the highest common factor of 3275 and 55413.
131
Calculate the highest common factor of 10 and 93910.
10
What is the highest common divisor of 85501 and 585?
13
Calculate the highest common divisor of 88676 and 896.
28
What is the greatest common divisor of 17934 and 2450?
98
What is the greatest common divisor of 1160 and 100?
20
Calculate the greatest common factor of 805280 and 10080.
1120
What is the greatest common divisor of 60 and 6810?
30
Calculate the highest common divisor of 30742 and 11172.
38
What is the highest common factor of 1275049 and 177?
59
Calculate the greatest common factor of 7347 and 201159.
93
Calculate the highest common factor of 528 and 462.
66
Calculate the highest common divisor of 104265 and 2205.
315
Calculate the greatest common divisor of 28437 and 27.
3
What is the highest common divisor of 13851 and 209?
19
What is the greatest common factor of 5072 and 464?
16
Calculate the greatest common factor of 2 and 15058.
2
What is the greatest common divisor of 139 and 4?
1
Calculate the greatest common divisor of 1792752 and 192.
48
What is the highest common divisor of 1233 and 58225?
137
Calculate the highest common divisor of 484 and 1661.
11
What is the greatest common divisor of 207841 and 133?
19
What is the highest common factor of 490 and 643664?
98
Calculate the greatest common factor of 13 and 1065350.
13
What is the highest common divisor of 59915 and 1265?
115
Calculate the greatest common divisor of 362 and 1098.
2
What is the highest common divisor of 1176 and 34986?
294
What is the greatest common factor of 725985 and 15?
15
Calculate the greatest common divisor of 1120 and 117880.
280
What is the greatest common divisor of 1470 and 29890?
490
Calculate the greatest common factor of 7366 and 203.
29
Calculate the greatest common factor of 731 and 2941.
17
What is the greatest common factor of 1573 and 1001?
143
What is the highest common divisor of 9490 and 390?
130
What is the greatest common divisor of 489697 and 2502?
139
What is the greatest common divisor of 18816 and 1752?
24
Calculate the greatest common divisor of 70 and 945.
35
What is the highest common divisor of 92275 and 100?
25
Calculate the highest common factor of 364 and 748.
4
Calculate the highest common divisor of 2115 and 6495.
15
What is the greatest common factor of 156058 and 1022?
14
Calculate the highest common divisor of 75106 and 646.
34
What is the highest common divisor of 1330 and 22990?
190
Calculate the greatest common divisor of 2068 and 176.
44
Calculate the highest common divisor of 649 and 5159550.
649
What is the greatest common divisor of 7224 and 126936?
1032
Calculate the greatest common factor of 24 and 832.
8
Calculate the highest common factor of 1856 and 5713.
29
What is the greatest common divisor of 1008 and 1555596?
252
What is the highest common divisor of 55 and 241868?
11
What is the greatest common factor of 878443 and 1?
1
Calculate the greatest common divisor of 3144 and 934816.
1048
What is the greatest common factor of 5945 and 6525?
145
What is the highest common divisor of 109374 and 96?
6
Calculate the greatest common divisor of 840 and 15360.
120
Calculate the highest common factor of 92 and 332.
4
Calculate the highest common factor of 416 and 145028.
52
Calculate the greatest common factor of 46 and 184529.
23
What is the greatest common factor of 9139 and 111?
37
Calculate the highest common factor of 444 and 7632.
12
Calculate the highest common divisor of 172 and 15609.
43
Calculate the highest common divisor of 84 and 102522.
42
What is the highest common factor of 6262 and 98332?
62
Calculate the highest common divisor of 123 and 38562.
3
Calculate the greatest common divisor of 92105 and 29430.
545
Calculate the greatest common divisor of 75669 and 3993.
33
What is the highest common factor of 10 and 1099455?
5
What is the highest common divisor of 86 and 74519?
43
What is the greatest common divisor of 471772 and 11039?
581
Calculate the highest common divisor of 927 and 12566.
103
Calculate the greatest common divisor of 20460 and 39680.
620
Calculate the highest common divisor of 1420 and 326316.
284
What is the greatest common divisor of 32 and 13103808?
32
Calculate the greatest common divisor of 7086 and 367291.
1181
Calculate the highest common divisor of 40 and 14360.
40
What is the greatest common divisor of 97617 and 195?
39
What is the greatest common factor of 674416 and 2928?
976
What is the greatest common factor of 312 and 241124?
52
Calculate the highest common factor of 2314 and 91234.
26
Calculate the highest common factor of 20706 and 14.
14
Calculate the highest common factor of 10241 and 434.
7
What is the greatest common divisor of 560 and 24780?
140
Calculate the greatest common divisor of 2776 and 12568.
8
Calculate the greatest common factor of 384 and 3099.
3
Calculate the greatest common factor of 65 and 128635.
65
Calculate the greatest common factor of 5008 and 19696.
16
What is the greatest common divisor of 6 and 8092?
2
Calculate the highest common divisor of 1017 and 5650.
113
What is the highest common factor of 23824 and 8528?
16
Calculate the greatest common factor of 53754 and 2046.
186
Calculate the highest common factor of 18 and 9696.
6
What is the highest common divisor of 2383524 and 6864?
1716
Calculate the highest common divisor of 287 and 7.
7
Calculate the highest common divisor of 723051 and 138.
69
Calculate the greatest common factor of 159565 and 175.
35
What is the highest common divisor of 200832 and 384?
384
Calculate the greatest common factor of 1431 and 369738.
27
Calculate the greatest common factor of 41928 and 2984.
8
What is the greatest common factor of 85 and 1955646?
17
Calculate the greatest common factor of 78030 and 51510.
510
Calculate the greatest common factor of 1197 and 252.
63
What is the highest common divisor of 1488 and 505083?
93
Calculate the greatest common divisor of 50 and 311070.
10
What is the greatest common factor of 7176 and 4160?
104
What is the highest common factor of 155 and 320?
5
What is the greatest common factor of 2735 and 328747?
547
Calculate the greatest common divisor of 10256 and 4688.
16
Calculate the greatest common divisor of 151048 and 40764.
316
Calculate the greatest common factor of 1080 and 373905.
45
Calculate the highest common divisor of 656 and 344728.
328
Calculate the greatest common factor of 69 and 110193.
69
Calculate the greatest common factor of 450038 and 172.
86
What is the greatest common factor of 2047660 and 1720?
860
What is the highest common factor of 368206 and 284?
142
Calculate the greatest common factor of 69834 and 1545.
309
What is the greatest common factor of 32675 and 1175?
25
Calculate the greatest common factor of 117151 and 193.
193
What is the highest common divisor of 207905 and 86?
43
What